c(t) = t + 4. Let h be c(-8). List the prime factors of j(h).
3, 19
Suppose -j = -6*t + 34206, 7*j = 10*j - 18. What are the prime factors of t?
2, 2851
Let r = 60 - 60. Let o(v) = v**3 - 7*v**2 - 4*v + 986. What are the prime factors of o(r)?
2, 17, 29
Suppose 26*p = 24*p - 2. Let x be (-2 + 0)*p + 3. Suppose -205 = -3*s - 5*d, -x*s + 157 + 138 = -d. What are the prime factors of s?
2, 3, 5
Let h be ((-52)/20 - -3) + (-15789)/(-15). Let c = h + -479. What are the prime factors of c?
2, 7, 41
Let o(h) = 7*h**3 + 2*h**2 + 12*h - 25. Let t(i) = -i**3 + i**2 - i + 2. Let k(l) = o(l) + 6*t(l). What are the prime factors of k(4)?
7, 29
Let b = 13237 - 2495. List the prime factors of b.
2, 41, 131
Let p(r) = r + 4. Let i be p(4). Suppose -i = -6*m + 4*m. What are the prime factors of 129 + m*(-2)/(-8)?
2, 5, 13
Let f(m) = -m**3 + 3*m**2 - 1. Let a be f(2). Let k = 477 + -337. Suppose -u - a*u + k = 0. What are the prime factors of u?
5, 7
Let m(g) = g**3 + g**2 + g - 33. Let f be m(3). Suppose -1851 = -f*s + 8307. What are the prime factors of s?
1693
Let i = -228 - -230. Suppose i*c = -0*c + 90. List the prime factors of c.
3, 5
Let b(o) be the second derivative of -o**3/2 - o**2 - 18*o. Let u be b(0). List the prime factors of (5 + -4)*49 + u.
47
Let t be -1*1 - (-38 - -23). Let g(w) = 2*w**2 + 43*w + 6. List the prime factors of g(t).
2, 5
Suppose -16*x + 11*x - 28551 = -4*l, -4*x - 35682 = -5*l. List the prime factors of l.
2, 3, 29, 41
Suppose g - 37686 = 2*f, -g + 145*f - 149*f + 37656 = 0. List the prime factors of g.
2, 9419
Let l(w) = -2*w - 9. Let r be l(-8). Let b(d) = d**2 + d. Let v(m) = 14*m - 17. Let k(q) = 3*b(q) - v(q). List the prime factors of k(r).
3, 29
Let u = -33 + 15. Let p be ((-163)/5)/(1/5). Let m = u - p. What are the prime factors of m?
5, 29
Let p be 3 + -6 - (-72205 + (-5)/(-1)). List the prime factors of 8/(-10) - -1 - p/(-115).
2, 157
Let k = 275 - 1775. Let x = k + 2604. List the prime factors of x.
2, 3, 23
Let v(y) = -745*y**2 + 4*y - 5. Let s(k) = 2*k**2 + 13*k - 5. Let r be s(-7). Let g be v(r). What are the prime factors of g/(-39) + 2/3?
7, 11
Let z = -12870 + 19605. What are the prime factors of z?
3, 5, 449
Let g = 54 + -54. Suppose -5*t + 5*h = -925, -744 = -g*t - 4*t + 5*h. What are the prime factors of t/2 - (-4)/(24/3)?
7, 13
Suppose -3*o = 16*o - 2489. Suppose -o*i - 3832 = -135*i. What are the prime factors of i?
2, 479
Let k be (8 + -7)/((-2)/(-8)). Let v be (1 + (-3 - (-12)/k))*0. Suppose v = -6*r - 0*r + 474. List the prime factors of r.
79
Let a = -95207 - -144515. List the prime factors of a.
2, 3, 7, 587
Suppose -3*c + 69 = -4*c. Let i be (-1092)/60 - (-2)/10. List the prime factors of -2*(-3)/i*c.
23
Let j be (2/6)/(11/66). Suppose -j*p + 4*n + 264 + 3392 = 0, n = -5*p + 9107. What are the prime factors of p?
2, 911
Let u(v) = v**2 + 4*v - 12. Let f = -34 - -28. Let c be u(f). Suppose t + t - 48 = c. List the prime factors of t.
2, 3
Suppose -4*z = 1 + 3, -2*s = -5*z - 10847. Suppose 0 = 41*h - 2*h - s. List the prime factors of h.
139
Suppose -4*g - 3*p = 409 + 191, -4*g = -5*p + 600. Let n be (g/(-3))/(2/(-4)). Let f = -81 - n. List the prime factors of f.
19
Let d(g) = g**2 + 7*g - 20. Suppose -72*v = -61*v + 407. List the prime factors of d(v).
2, 5, 109
Let m = -15375 + 41221. What are the prime factors of m?
2, 12923
Suppose 17*w + 5*w - 108668 = 157180. List the prime factors of w.
2, 3, 19, 53
Suppose -w - b = -102, -6*b + b - 306 = -3*w. Suppose -w*n + 2916 = -96*n. List the prime factors of n.
2, 3
Let r(b) = -b**3 + 7*b**2 - 3*b - 17. Let g be r(5). Suppose 0 = -16*q + g*q - 1712. List the prime factors of q.
2, 107
Let r(j) = 2*j**2 + 2*j. Let p(t) = 4*t**3 + 12*t**2 - 8*t + 3. Let l(z) = p(z) + 3*r(z). What are the prime factors of l(6)?
3, 167
Let z = 13926 - 8544. What are the prime factors of z?
2, 3, 13, 23
What are the prime factors of 20313 + -162 + 155 + -1 + 6?
19, 1069
Let v = -21 - 10. Let h = v - -34. Suppose -h*j + 97 = r, r = -0*j - 5*j + 97. What are the prime factors of r?
97
Suppose 19*b - 11*b - 474500 = -12*b. List the prime factors of b.
5, 13, 73
Let z(p) = 759*p**2 - 54*p + 229. What are the prime factors of z(9)?
2, 7, 4373
Let v = -91 - -95. Suppose v*o + x - 2443 = 0, -717 = -5*o - 3*x + 2335. What are the prime factors of o?
13, 47
Suppose l = -17*y + 12*y + 5, -4*l + 112 = -3*y. Let p(s) = 45*s + 61. What are the prime factors of p(l)?
2, 593
Let u(c) = 16*c + 40. Let z be u(-2). Suppose 0 = z*n - 1207 - 1649. What are the prime factors of n?
3, 7, 17
Let s = -17905 - -34829. What are the prime factors of s?
2, 4231
Let p(y) = -y**2 + 139*y + 12. Let u be p(23). List the prime factors of ((-72)/32)/((-15)/u).
2, 3, 67
Suppose -85*k = -13458 - 191052. List the prime factors of k.
2, 3, 401
Suppose 65*x - 188893 = 30482. What are the prime factors of x?
3, 5
Let a(l) = l - 4. Let z be a(6). Let i(j) = -403*j + 2083. Let g be i(5). What are the prime factors of ((-29)/z)/(g/(-16) + 4)?
2, 29
Suppose 30*g - 31*g = 25. Let f(r) = -2*r + 0*r**3 + 0*r**3 - 50 - 25*r**2 + 2 - r**3. What are the prime factors of f(g)?
2
Let j(x) = 2*x**2 + 6*x - 4. Let y be j(3). Let i be (57/76)/(2 - 66/y). What are the prime factors of (-14)/i - 1 - 803/(-6)?
2, 67
Let d = 22392 + 6041. List the prime factors of d.
28433
Let c(v) = 334*v**3 - 4*v**2 + 4. Suppose -5*x - 35 + 40 = 0. What are the prime factors of c(x)?
2, 167
Suppose 9*s - 11*s = -192. Let p = s + -239. Let r = p - -218. What are the prime factors of r?
3, 5
Suppose 8*h - 968 - 2576 = 0. Suppose 8 = 4*t, -15 + h = y - 3*t. What are the prime factors of y?
2, 7, 31
Suppose -5*p - 2*x + 146465 = 0, -80*x + 85*x = -5*p + 146450. List the prime factors of p.
3, 5, 7, 31
Let p(l) = 94*l + 37. Let h = 41 + -33. Let b be p(h). Suppose -1 + 6 = -5*z, -4*u + z = -b. List the prime factors of u.
197
Suppose -32 = 4*m - 0*x + 5*x, 3*x = -12. Let h be 4/(-1) - (-10 + m). Let f(z) = -z**3 + 9*z**2 + 10*z - 4. What are the prime factors of f(h)?
2, 43
Suppose 296*x = 503*x - 12636522. What are the prime factors of x?
2, 131, 233
What are the prime factors of 30865/(-20)*-3 - (-9)/(-12)?
3, 1543
Let c = 1372 - -3238. List the prime factors of c.
2, 5, 461
Suppose -4*o + 22204 = -4*a, -32*o + 3*a + 11098 = -30*o. Suppose 41*w - o = 16708. What are the prime factors of w?
3, 181
Suppose 6*u - 506 - 544 = 0. Suppose -3*v + 344 = 4*l, 0 = -5*v - 5*l + 740 - u. List the prime factors of v.
2, 3
Let g = 1004 - 566. Suppose 3*b = -2*b + 1365. Let v = g - b. What are the prime factors of v?
3, 5, 11
What are the prime factors of 3014115/273 + (-2)/(-7)?
61, 181
Let d = 499 - 466. List the prime factors of -196*(2/6)/((-22)/d).
2, 7
Let w(h) = 41*h**3 + 2*h**2 + h. Let a be w(-1). Let p = -40 - a. Suppose 3*k + 3*x = 132, 4*k - k + 5*x - 124 = p. List the prime factors of k.
2, 3
Let i(y) = y**2 - 13*y - 14. Let a be i(19). Let q = 64 - a. Let c = -13 - q. List the prime factors of c.
23
List the prime factors of 130/(-10 - 0) + 5359.
2, 3, 11
Let v = 124 + -42. Let k(u) = v + 182 + 2*u - 6*u + 0*u. List the prime factors of k(0).
2, 3, 11
Suppose -12*r + 4*r + 40 = 0. Suppose r*c - 58 = -2*m + 336, -186 = -m + 3*c. Let b = -115 + m. List the prime factors of b.
7, 11
Let p(b) = 14*b - 22. Let g(f) = -2*f**3 - 3*f**2 + 4. Let s be g(-2). List the prime factors of p(s).
2, 3, 5
Suppose 10*b = -39 + 169. Let h = b + 23. Suppose 10*c - 306 = -h. What are the prime factors of c?
3
Let o = -488 + 1921. Suppose -4*z = -3*j + 1451, -j - 5*z + o = 2*j. What are the prime factors of j?
13, 37
Let o(z) = 36*z**3 - 2*z**2 - 3. Let k be o(3). Suppose -4*c + 4*l = -1720, -4*c + 2*l + k = -777. Suppose c = 14*b - 12*b. List the prime factors of b.
7, 31
Suppose 0 = n + 448 - 1360. Suppose -270 = -2*d - 4*r + n, d - r - 588 = 0. List the prime factors of d.
19, 31
Let q(m) = 29*m**2 + 14*m + 92. List the prime factors of q(-14).
2, 3, 5, 31
Let f be (-6)/(-42) + -3*26/(-42). Let q be f/7 - 9884/(-49). Suppose -5*s = -j + 104, 2*j - s - 3*s - q = 0. What are the prime factors of j?
3, 11
Suppose 5*w = -2*o - 25, -5*o + 2*w = -3*o + 46. Let f = o + 34. What are the prime factors of ((-126)/(-98) + (-4)/f)*55?
5, 11
Let z = -31037 - -55741. What are th